{"id":106,"date":"2016-02-06T17:02:45","date_gmt":"2016-02-06T17:02:45","guid":{"rendered":"https:\/\/www.lugbz.org\/?page_id=106"},"modified":"2016-02-06T17:02:45","modified_gmt":"2016-02-06T17:02:45","slug":"events-2","status":"publish","type":"page","link":"https:\/\/ww2.lugbz.org\/?page_id=106","title":{"rendered":"Events"},"content":{"rendered":"<p>Als gemeinn\u00fctziger Verein, ist es uns sehr wichtig in regelm\u00e4\u00dfigen Abst\u00e4nden Treffen, Workshops und andere Events zu veranstalten. Jeder soll die M\u00f6glichkeit haben, Informationen zu unseren Aktivit\u00e4ten bekommen. Aber nicht nur das Organisieren ist uns wichtig, wir arbeiten stetig daran, auch bei den verschiedensten Treffen pr\u00e4sent zu sein.<\/p>\n<p>Per un&#8217;organizzazione senza scopo di lucro, \u00e8 molto importante organizzare incontri, workshop e altri eventi a intervalli regolari. Tutti devono avere la possibilit\u00e0 di ricevere informazioni sulle nostre attivit\u00e0. Ma non solo l&#8217;organizzazione \u00e8 importante per noi, siamo anche costantemente impegnati a essere presenti a vari incontri.<\/p>\n<h1>LinuxDay<\/h1>\n<p>Ein Tag, der j\u00e4hrlich bei uns fix im Kalender eingetragen ist: der Linux Day! Immer am letzten Samstag im Oktober finden in ganz Italien Workshops \u00fcber: freie Software, open source und Linux statt. Seit mehreren Jahren wird dieser von der LUGBZ mitorganisiert. Weitere Informationen unter <a href=\"https:\/\/www.linuxday.it\">https:\/\/www.linuxday.it<\/a>.<\/p>\n<p>Un giorno che ogni anno \u00e8 fisso nella nostra agenda: il Linux Day! L&#8217;ultimo sabato di ottobre si svolgono sempre in tutta Italia workshop sul software libero, l&#8217;open source e Linux. Il LUGBZ coorganizza questo evento da diversi anni. Ulteriori informazioni sono disponibili sul sito <a href=\"https:\/\/www.linuxday.it\">https:\/\/www.linuxday.it<\/a>.<\/p>\n<h1>SFSCON<\/h1>\n<p>Seit dem Start der SFSCON 2004 ist die Linux User Group Bozen ein fester Bestandteil der Veranstaltung! Wir haben immer unseren Stand direkt bei der Convention; nicht zuletzt wird der SFSAward j\u00e4hrlich von unserem Verein vergeben. Die South Tyrol Free Software Conference wird immer zwei Wochen nach dem LinuxDay im NOI Techpark organisiert. Programm sowie Tickets: <a href=\"https:\/\/www.sfscon.it\/\">https:\/\/www.sfscon.it\/<\/a><\/p>\n<p>Dall&#8217;inizio della SFSCON 2004, il Linux User Group Bolzano \u00e8 parte integrante dell&#8217;evento! Abbiamo sempre il nostro stand direttamente alla convention; infine, ma non meno importante, l&#8217;SFS Award viene consegnato ogni anno dalla nostra organizzazione. La Conferenza sul Software Libero in Alto Adige viene sempre organizzata due settimane dopo il LinuxDay nel NOI Techpark. Programma e ticket: <a href=\"https:\/\/www.sfscon.it\/\">https:\/\/www.sfscon.it\/<\/a><\/p>\n<h1>And much more!<\/h1>\n<p>Das sind nur zwei Beispiele von Veranstaltungen, wo wir fix anwesend sind. Die Liste ist viel l\u00e4nger! Auch w\u00f6chentliche Treffen im Spazio77 sind ein fester Bestandteil unseres Vereines geworden. Aber auch Workshops und Seminare liegen auf unserem Programm.<br \/>\nAlle anstehenden Veranstaltungen sowie Eventkalender ist in unserem Forum ersichtlich:<br \/>\n<a href=\"https:\/\/talk.lugbz.org\/upcoming-events\">https:\/\/talk.lugbz.org\/upcoming-events<\/a><\/p>\n<p>Questi sono solo due esempi di eventi in cui siamo sempre presenti. La lista \u00e8 molto pi\u00f9 lunga! Anche gli incontri settimanali allo Spazio77 sono diventati parte integrante della nostra organizzazione. Anche workshop e seminari fanno parte del nostro programma.<br \/>\nTutti i prossimi eventi e il calendario degli eventi sono disponibili nel nostro forum:<br \/>\n<a href=\"https:\/\/talk.lugbz.org\/upcoming-events\">https:\/\/talk.lugbz.org\/upcoming-events<\/a><\/p>\n<p>F\u00fcr weitere Fragen und Anregungen steht Paolo Dongilli (paolo.dongilli (AT) lugbz.org) zur Verf\u00fcgung.<\/p>\n<p>Paolo Dongilli (paolo.dongilli (AT) lugbz.org) \u00e8 a disposizione per ulteriori domande e suggerimenti.<\/p>\n","protected":false},"excerpt":{"rendered":"<p>CONTENTS<\/p>\n","protected":false},"author":2,"featured_media":0,"parent":0,"menu_order":2,"comment_status":"closed","ping_status":"open","template":"","meta":{"footnotes":""},"class_list":["post-106","page","type-page","status-publish","hentry"],"_links":{"self":[{"href":"https:\/\/ww2.lugbz.org\/index.php?rest_route=\/wp\/v2\/pages\/106","targetHints":{"allow":["GET"]}}],"collection":[{"href":"https:\/\/ww2.lugbz.org\/index.php?rest_route=\/wp\/v2\/pages"}],"about":[{"href":"https:\/\/ww2.lugbz.org\/index.php?rest_route=\/wp\/v2\/types\/page"}],"author":[{"embeddable":true,"href":"https:\/\/ww2.lugbz.org\/index.php?rest_route=\/wp\/v2\/users\/2"}],"replies":[{"embeddable":true,"href":"https:\/\/ww2.lugbz.org\/index.php?rest_route=%2Fwp%2Fv2%2Fcomments&post=106"}],"version-history":[{"count":0,"href":"https:\/\/ww2.lugbz.org\/index.php?rest_route=\/wp\/v2\/pages\/106\/revisions"}],"wp:attachment":[{"href":"https:\/\/ww2.lugbz.org\/index.php?rest_route=%2Fwp%2Fv2%2Fmedia&parent=106"}],"curies":[{"name":"wp","href":"https:\/\/api.w.org\/{rel}","templated":true}]}}