{"id":17,"date":"2015-09-16T10:13:06","date_gmt":"2015-09-16T10:13:06","guid":{"rendered":"https:\/\/www.lugbz.org\/?page_id=17"},"modified":"2015-09-16T10:13:06","modified_gmt":"2015-09-16T10:13:06","slug":"who-are-we","status":"publish","type":"page","link":"https:\/\/ww2.lugbz.org\/?page_id=17","title":{"rendered":"Who we are"},"content":{"rendered":"<div class=\"plain\">\n<p><em>Deutsch<\/em><\/p>\n<p><a href=\"https:\/\/ww2.lugbz.org\/wp-content\/uploads\/2015\/09\/LUGBZ-Logo-INSIDE.png\"><img loading=\"lazy\" decoding=\"async\" class=\"alignleft wp-image-23\" src=\"https:\/\/ww2.lugbz.org\/wp-content\/uploads\/2015\/09\/LUGBZ-Logo-INSIDE.png\" alt=\"LUGBZ-Logo-INSIDE PNG\" width=\"110\" height=\"134\" srcset=\"https:\/\/ww2.lugbz.org\/wp-content\/uploads\/2015\/09\/LUGBZ-Logo-INSIDE.png 842w, https:\/\/ww2.lugbz.org\/wp-content\/uploads\/2015\/09\/LUGBZ-Logo-INSIDE-246x300.png 246w, https:\/\/ww2.lugbz.org\/wp-content\/uploads\/2015\/09\/LUGBZ-Logo-INSIDE-768x935.png 768w\" sizes=\"auto, (max-width: 110px) 100vw, 110px\" \/><\/a>Die <strong>LINUX USER GROUP BOLZANO-BOZEN-BULSAN (LUGBZ)<\/strong> wurde am 22. J\u00e4nner 2001 als Verein ohne Gewinnabsichten gegr\u00fcndet. Ihr Ziel ist die Verbreitung und Bekanntmachung des Betriebssystems GNU\/Linux und der freien und offenen Software im Allgemeinen. Die Aktivit\u00e4ten des Vereins liegen vor allem auf lokaler Ebene, wo wir Veranstaltungen wie unsere Workshops organisieren und Lobbyarbeit f\u00fcr freie Software leisten.<\/p>\n<p>Die wichtigste Grundlage unserer Aktivit\u00e4ten ist die Bereitschaft der Mitglieder und Freunde der LUGBZ sich an der Arbeit zu beteiligen. Aktivit\u00e4ten kosten aber auch bares Geld, das zu einem gro\u00dfen Teil von den Mitgliedsbeitr\u00e4gen stammt, ein weiterer gro\u00dfer Teil wird von Sponsoren der LUGBZ beigetragen.<\/p>\n<p><b>GNU\/Linux<\/b> ist ein freies Betriebssystem, das vorwiegend auf dem von Linus Torvalds ins Leben gerufene Kernelprojekt <span class=\"link-external\"><a href=\"http:\/\/www.kernel.org\/\">Linux<\/a><\/span> und der <span class=\"link-external\"><a href=\"http:\/\/www.gnu.org\/\">Software der Free Software Foundation<\/a><\/span> (Projekt &#8220;GNU&#8221;) basiert. Eine sch\u00f6ne Definition gibt es in der freien Enzyklop\u00e4die <span class=\"link-external\"><a href=\"http:\/\/de.wikipedia.org\/wiki\/Linux\" target=\"_blank\">Wikipedia: http:\/\/de.wikipedia.org\/wiki\/Linux.<\/a><\/span><\/p>\n<p><strong>Neugierig? Hier die Fortsetzung<\/strong>: <a href=\"https:\/\/ww2.lugbz.org\/wp-content\/uploads\/2015\/09\/vorstellung_de.pdf\">vorstellung_de<\/a><\/p>\n<p>Wir als Enthusiasten-Verein freuen uns \u00fcber neue Gesichter. Besuchen Sie doch eine unserer Veranstaltungen (siehe Blog) oder <a href=\"https:\/\/www.lugbz.org\/?page_id=15\" target=\"_blank\">kontaktieren<\/a> Sie uns wegen weiterf\u00fchrenden Informationen!<\/p>\n<\/div>\n<div class=\"plain\">\n<p><em>Italiano<\/em><\/p>\n<p><a href=\"https:\/\/ww2.lugbz.org\/wp-content\/uploads\/2015\/09\/LUGBZ-Logo-INSIDE.png\"><img loading=\"lazy\" decoding=\"async\" class=\"alignleft wp-image-23\" src=\"https:\/\/ww2.lugbz.org\/wp-content\/uploads\/2015\/09\/LUGBZ-Logo-INSIDE.png\" alt=\"LUGBZ-Logo-INSIDE PNG\" width=\"110\" height=\"134\" srcset=\"https:\/\/ww2.lugbz.org\/wp-content\/uploads\/2015\/09\/LUGBZ-Logo-INSIDE.png 842w, https:\/\/ww2.lugbz.org\/wp-content\/uploads\/2015\/09\/LUGBZ-Logo-INSIDE-246x300.png 246w, https:\/\/ww2.lugbz.org\/wp-content\/uploads\/2015\/09\/LUGBZ-Logo-INSIDE-768x935.png 768w\" sizes=\"auto, (max-width: 110px) 100vw, 110px\" \/><\/a>Il <strong>LINUX USER GROUP BOLZANO-BOZEN-BULSAN (LUGBZ)<\/strong> si \u00e8 costituito il 22 gennaio 2001 come associazione senza fini di lucro. Lo scopo dell&#8217;associazione \u00e8 la diffusione e la presentazione del sistema operativo GNU\/Linux e del software libero e aperto in generale. Le attivit\u00e0 dell&#8217;associazione si svolgono su territorio locale, dove organizziamo incontri e manifestazioni come workshop. Inoltre ci dedichiamo anche ai lavori di lobby per il software libero.<\/p>\n<p>La base pi\u00f9 importante delle nostre attivit\u00e0 \u00e8 la disponibilit\u00e0 dei soci e amici del LUGBZ alla collaborazione. Le attivit\u00e0 rappresentano per\u00f2 anche oneri economici, ai quali viene fatto fronte in gran parte tramite la quota associativa; l&#8217;altra parte \u00e8 fornita dai sponsor del LUGBZ.<\/p>\n<p><strong>GNU\/Linux<\/strong> \u00e8 un sistema operativo libero, che \u00e8 basato prevalentemente sul progetto kernel Linux di Linus Torvalds e sul <span class=\"link-external\"><a href=\"http:\/\/www.gnu.org\">software della Free Software Foundation<\/a><\/span> (progetto &#8220;GNU&#8221;). Una definizione di Linux la si trova in rete, nell&#8217;enciclopedia libera <span class=\"link-external\"><a href=\"http:\/\/it.wikipedia.com\/wiki\/Linux\" target=\"_blank\">Wikipedia: http:\/\/it.wikipedia.com\/wiki\/Linux.<\/a><\/span><\/p>\n<p><strong>Curiosi? Ecco la continuazione<\/strong>: <a href=\"https:\/\/ww2.lugbz.org\/wp-content\/uploads\/2015\/09\/presentazione_it.pdf\">presentazione_it<\/a><\/p>\n<p>Noi come associazione di entusiasti siamo sempre aperti ad accogliere nuovi simpatizzanti. Partecipa ad un evento (vedi il blog) o <a href=\"https:\/\/www.lugbz.org\/?page_id=15\" target=\"_blank\">contattaci<\/a> per maggiori informazioni!<\/p>\n<\/div>\n","protected":false},"excerpt":{"rendered":"<p>Deutsch Die LINUX USER GROUP BOLZANO-BOZEN-BULSAN (LUGBZ) wurde am 22. J\u00e4nner 2001 als Verein ohne Gewinnabsichten gegr\u00fcndet. Ihr Ziel ist die Verbreitung und Bekanntmachung des Betriebssystems GNU\/Linux und der freien und offenen Software im Allgemeinen. Die Aktivit\u00e4ten des Vereins liegen vor allem auf lokaler Ebene, wo wir Veranstaltungen wie unsere Workshops organisieren und Lobbyarbeit f\u00fcr [&hellip;]<\/p>\n","protected":false},"author":2,"featured_media":0,"parent":0,"menu_order":1,"comment_status":"closed","ping_status":"closed","template":"","meta":{"footnotes":""},"class_list":["post-17","page","type-page","status-publish","hentry"],"_links":{"self":[{"href":"https:\/\/ww2.lugbz.org\/index.php?rest_route=\/wp\/v2\/pages\/17","targetHints":{"allow":["GET"]}}],"collection":[{"href":"https:\/\/ww2.lugbz.org\/index.php?rest_route=\/wp\/v2\/pages"}],"about":[{"href":"https:\/\/ww2.lugbz.org\/index.php?rest_route=\/wp\/v2\/types\/page"}],"author":[{"embeddable":true,"href":"https:\/\/ww2.lugbz.org\/index.php?rest_route=\/wp\/v2\/users\/2"}],"replies":[{"embeddable":true,"href":"https:\/\/ww2.lugbz.org\/index.php?rest_route=%2Fwp%2Fv2%2Fcomments&post=17"}],"version-history":[{"count":0,"href":"https:\/\/ww2.lugbz.org\/index.php?rest_route=\/wp\/v2\/pages\/17\/revisions"}],"wp:attachment":[{"href":"https:\/\/ww2.lugbz.org\/index.php?rest_route=%2Fwp%2Fv2%2Fmedia&parent=17"}],"curies":[{"name":"wp","href":"https:\/\/api.w.org\/{rel}","templated":true}]}}