{"id":64,"date":"2015-12-13T17:36:31","date_gmt":"2015-12-13T17:36:31","guid":{"rendered":"https:\/\/www.lugbz.org\/?page_id=64"},"modified":"2015-12-13T17:36:31","modified_gmt":"2015-12-13T17:36:31","slug":"informationen-zur-verwendung-von-cookiesinformativa-sull-uso-dei-cookie","status":"publish","type":"page","link":"https:\/\/ww2.lugbz.org\/?page_id=64","title":{"rendered":"Cookies\/Privacy"},"content":{"rendered":"<p><strong><a href=\"https:\/\/ww2.lugbz.org\/wp-content\/uploads\/2015\/12\/Crystal_Project_cookie.png\"><img loading=\"lazy\" decoding=\"async\" class=\"alignleft wp-image-190\" src=\"https:\/\/ww2.lugbz.org\/wp-content\/uploads\/2015\/12\/Crystal_Project_cookie.png\" alt=\"Crystal_Project_cookie\" width=\"140\" height=\"140\" srcset=\"https:\/\/ww2.lugbz.org\/wp-content\/uploads\/2015\/12\/Crystal_Project_cookie.png 256w, https:\/\/ww2.lugbz.org\/wp-content\/uploads\/2015\/12\/Crystal_Project_cookie-150x150.png 150w\" sizes=\"auto, (max-width: 140px) 100vw, 140px\" \/><\/a>Verwendung von Cookies<\/strong><br \/>\nDiese Webseite verwendet Cookies um das korrekte Funktionieren derselben zu gew\u00e4hrleisten und eine bestm\u00f6gliche Benutzungerfahrung zu erm\u00f6glichen. Die vorliegende Seite informiert \u00fcber die Verwendung von Cookies und wie diese verwaltet werden k\u00f6nnen.<br \/>\n<strong><br \/>\nWas sind Cookies?<\/strong><br \/>\nCookies sind kurze Textdateien welche dem Webserver erlauben auf dem Client (Internetbrowser) Informationen zu speichern. Diese Informationen k\u00f6nnen w\u00e4hrend des aktuellen Besuches der Webseite oder bei sp\u00e4teren Besuchen der Webseite verwendet werden. Die Cookies werden aufgrund der vom Benutzer gew\u00e4hlten Einstellungen vom Internetbrowser auf dem jeweils verwendeten Ger\u00e4t (Computer, Tablet, Smartphone) gespeichert.<\/p>\n<p><strong>Arten von Cookies<\/strong><br \/>\nEs gibt verschiedene Arten von Cookies. Entsprechend ihren Eigenschaften und Funktionen k\u00f6nnen diese unterschieden werden in:<\/p>\n<p><strong>Funktions- und Sitzungscookies.<\/strong> Diese Cookies sind f\u00fcr das einwandfreie Funktionieren der Webseite und die Nutzung der angebotenen Inhalte erforderlich, sowie f\u00fcr den Zugang zu reservierten Inhalten die mit einem Login zug\u00e4nglich sind. Ihre Deaktivierung kompromittiert die Verwendung der Dienste welche mitttels Login zug\u00e4nglich sind. Der \u00f6ffentlich auf diesen Webseiten zug\u00e4ngliche Inhalt bleibt normal benutzbar. <strong>Diese Webseite benutzt Funktions- und Sitzungscookies.<\/strong><\/p>\n<p><strong>Analyse-Cookies.<\/strong> Diese Cookies werden verwendet um Informationen bez\u00fcglich Anzahl und Verhalten der Benutzer ebendieser Webseite zu sammeln. Diese Cookies erlauben es zum Beispiel zu erheben ob derselbe Benutzer mehrmals diese Webseite besucht, wobei der Benutzer selbst nicht identifiziert wird und anonym bleibt. Sie erlauben es weiters das System zu \u00fcberwachen um seine Leistungsf\u00e4higkleit und Benutzbarkeit zu verbessern. <strong>Diese Webseite benutzt Analyse-Cookies.<\/strong><\/p>\n<p><strong>Cookies von Drittanbietern.<\/strong> Hierbei handelt es sich um Cookies, die aus anderen Webseiten oder Web-Servern stammen und den Zwecken ebendieser dienen. <strong>Diese Webseite verwendet keine Cookies von Drittanbietern.<\/strong><\/p>\n<p><strong>Deaktivierung der Cookies<\/strong><br \/>\nCookies k\u00f6nnen mithilfe der jeweiligen Browsereinstellungen eingeschr\u00e4nkt oder blockiert werden.<br \/>\nFalls Sie verhindern m\u00f6chten, dass Webseiten Cookies auf Ihren Computer speichern, stellen Sie Ihren Browser so ein, dass jedes Mal, bevor ein Cookie abgelegt wird, eine Mitteilung erscheint. Ansonsten k\u00f6nnen Sie in den Browsereinstellungen festlegen, dass alle Cookies oder nur Cookies von Drittanbietern abgelehnt werden. Au\u00dferdem k\u00f6nnen Sie alle Cookies l\u00f6schen, die schon gespeichert wurden.<\/p>\n<p style=\"text-align: center;\">&#8212;&#8212;&#8212;&#8212;&#8212;&#8212;&#8212;&#8212;&#8212;&#8212;&#8212;&#8212;&#8212;&#8212;&#8212;&#8212;&#8212;&#8212;&#8212;&#8212;&#8212;&#8212;&#8212;&#8212;&#8212;&#8212;&#8212;&#8212;&#8212;&#8212;&#8212;&#8212;&#8212;&#8212;&#8212;&#8212;&#8212;&#8212;&#8212;&#8212;&#8212;&#8212;&#8212;&#8212;&#8212;&#8212;&#8212;&#8212;&#8212;&#8212;&#8212;<\/p>\n<p><strong><a href=\"https:\/\/ww2.lugbz.org\/wp-content\/uploads\/2015\/12\/Crystal_Project_cookie.png\"><img loading=\"lazy\" decoding=\"async\" class=\"alignleft wp-image-190\" src=\"https:\/\/ww2.lugbz.org\/wp-content\/uploads\/2015\/12\/Crystal_Project_cookie.png\" alt=\"Crystal_Project_cookie\" width=\"140\" height=\"140\" srcset=\"https:\/\/ww2.lugbz.org\/wp-content\/uploads\/2015\/12\/Crystal_Project_cookie.png 256w, https:\/\/ww2.lugbz.org\/wp-content\/uploads\/2015\/12\/Crystal_Project_cookie-150x150.png 150w\" sizes=\"auto, (max-width: 140px) 100vw, 140px\" \/><\/a>Informativa sull&#8217; uso dei cookie<\/strong><br \/>\nQuesto sito web utilizza cookie per garantire il corretto funzionamento delle procedure e migliorare l&#8217;esperienza di uso. Il presente documento fornisce informazioni sull&#8217;uso dei cookie e su come gestirli.<br \/>\n<strong><br \/>\nCosa sono i cookie?<\/strong><br \/>\nI cookie sono brevi frammenti di testo (lettere e\/o numeri) che permettono al server web di memorizzare sul client (il browser) informazioni da riutilizzare nel corso della medesima visita al sito o in seguito di altre visite del sito. I cookie vengono memorizzati, in base alle preferenze dell&#8217;utente, dal singolo browser sullo specifico dispositivo utilizzato (computer, tablet, smartphone).<\/p>\n<p><strong>Tipologie di cookie<\/strong><br \/>\nIn base alle caratteristiche e all&#8217;utilizzo dei cookie possiamo distinguere diverse categorie:<\/p>\n<p><strong>Cookie di funzionalit\u00e0 e di sessione.<\/strong> Si tratta di cookie indispensabili per il corretto funzionamento del sito e utilizzati per gestire il login e l&#8217;accesso alle funzioni riservate del sito. La loro disattivazione compromette l&#8217;utilizzo dei servizi accessibili da login. La parte pubblica del sito resta normalmente utilizzabile. <strong>Questo sito utilizza cookie di funzionalit\u00e0 e di sessione<\/strong><\/p>\n<p><strong>Cookie di analisi.<\/strong> Sono cookie utilizzati per raccogliere e analizzare il traffico e l&#8217;utilizzo del sito in modo anonimo. Questi cookie, pur senza identificare l&#8217;utente, consentono, per esempio, di rilevare se il medesimo utente torna a collegarsi in momenti diversi. Permettono inoltre di monitorare il sistema e migliorarne le prestazioni e l&#8217;usabilit\u00e0. <strong>Questo sito utilizza cookie di analisi<\/strong><\/p>\n<p><strong>Cookie di terze parti.<\/strong> Si tratta di cookie di siti o di web server diversi dal presente sito web ed utilizzati per finalit\u00e0 proprie di dette parti terze. <strong>Questo sito non utilizza cookie di terze parti.<\/strong><\/p>\n<p><strong>Come disabilitare i cookies<\/strong><br \/>\nI cookies possono essere limitati o bloccati mediante le impostazioni del Browser.<br \/>\nSe preferite che i siti web non memorizzino alcun cookie nel Vostro computer, impostate il Browser in modo da ricevere una notifica prima dell&#8217;archiviazione di ogni cookie. In alternativa, potete impostare il Browser in modo che rifiuti tutti i cookies o solo i cookies di terze parti. Potete anche eliminare tutti i cookies gi\u00e0 presenti nel sistema.<\/p>\n","protected":false},"excerpt":{"rendered":"<p>Verwendung von Cookies Diese Webseite verwendet Cookies um das korrekte Funktionieren derselben zu gew\u00e4hrleisten und eine bestm\u00f6gliche Benutzungerfahrung zu erm\u00f6glichen. Die vorliegende Seite informiert \u00fcber die Verwendung von Cookies und wie diese verwaltet werden k\u00f6nnen. Was sind Cookies? Cookies sind kurze Textdateien welche dem Webserver erlauben auf dem Client (Internetbrowser) Informationen zu speichern. Diese Informationen [&hellip;]<\/p>\n","protected":false},"author":3,"featured_media":0,"parent":0,"menu_order":99,"comment_status":"closed","ping_status":"closed","template":"","meta":{"footnotes":""},"class_list":["post-64","page","type-page","status-publish","hentry"],"_links":{"self":[{"href":"https:\/\/ww2.lugbz.org\/index.php?rest_route=\/wp\/v2\/pages\/64","targetHints":{"allow":["GET"]}}],"collection":[{"href":"https:\/\/ww2.lugbz.org\/index.php?rest_route=\/wp\/v2\/pages"}],"about":[{"href":"https:\/\/ww2.lugbz.org\/index.php?rest_route=\/wp\/v2\/types\/page"}],"author":[{"embeddable":true,"href":"https:\/\/ww2.lugbz.org\/index.php?rest_route=\/wp\/v2\/users\/3"}],"replies":[{"embeddable":true,"href":"https:\/\/ww2.lugbz.org\/index.php?rest_route=%2Fwp%2Fv2%2Fcomments&post=64"}],"version-history":[{"count":0,"href":"https:\/\/ww2.lugbz.org\/index.php?rest_route=\/wp\/v2\/pages\/64\/revisions"}],"wp:attachment":[{"href":"https:\/\/ww2.lugbz.org\/index.php?rest_route=%2Fwp%2Fv2%2Fmedia&parent=64"}],"curies":[{"name":"wp","href":"https:\/\/api.w.org\/{rel}","templated":true}]}}